73 is divided by c.
28
Let s = 20 - 18. Suppose s*c - 13 = 19. Calculate the remainder when c is divided by 6.
4
Let m = 24 - 6. Suppose -2*t + m = -4*n, -2*t - 2*n = -16 - 8. Suppose 3*p = 3*g + 2*g + 71, 5*p = 4*g + 140. What is the remainder when p is divided by t?
10
Let x = -8 - -11. Suppose -x*k - 2*y = -11, 3*k - 1 = -5*y + 22. What is the remainder when (-45)/(-72) - (-6)/16 is divided by k?
0
Let m = -29 - -17. Let w be (-1)/2 - 30/m. Let z = w + 14. What is the remainder when 29 is divided by z?
13
Let v(u) = -u**3 - 8*u**2 - 4*u - 7. What is the remainder when 1/((-4 - -1)/(-147)) is divided by v(-8)?
24
Let m be 1/3 + 2/(-6). What is the remainder when 26 is divided by (-1 - m)/((-3)/21)?
5
Let d(s) = s**2 + s + 1. Let f be d(7). Suppose 0 = -2*n + 2*k + 42, 2*n = -0*n - 3*k + f. What is the remainder when n is divided by 13?
11
Let z = 10 - -45. Suppose -91 + 21 = -5*i. Calculate the remainder when z is divided by i.
13
Let n(i) = i**3 + 4*i**2 + 3*i + 4. Let q be (-1)/((1*-2)/(-44)). What is the remainder when (-6)/(-4)*q/(-3) is divided by n(-3)?
3
Let a(r) = -r**2 + 6*r - 1. Calculate the remainder when 18 is divided by a(2).
4
Let v(n) = n**2 - 26. Calculate the remainder when v(6) is divided by 4.
2
Let q = 53 - 38. Let z = -4 + q. Calculate the remainder when 21 is divided by z.
10
Let b(c) = 13*c - 11. Calculate the remainder when b(3) is divided by 16.
12
Let v be ((-30)/(-8))/(7/(-28)). Calculate the remainder when (-909)/v - (-6)/(-10) is divided by 16.
12
Suppose -4*p + 4 = -2*n, 5*n - p - 14 = p. Let j be 17 + n/(2*-1). Calculate the remainder when (-10)/j - 26/(-3) is divided by 5.
3
Let q(k) = -k**3 + 11*k**2 + 3*k - 12. Suppose -44 = -i - 3*i. Let z(j) = 12*j - 1. What is the remainder when q(i) is divided by z(1)?
10
Suppose -3*p + 2*j + 20 = 0, -3*p + 3*j = p - 27. Calculate the remainder when p is divided by 4.
2
Suppose 2*g + 20 = 5*o - 21, 3*g - 19 = -4*o. Calculate the remainder when 25 is divided by o.
4
Suppose 0 = -3*g, 0 = 3*h - 3*g + 5*g - 81. What is the remainder when 187 is divided by h?
25
Suppose 5*m + 1 = -19. Calculate the remainder when ((-93)/6)/(2/m) is divided by 11.
9
Suppose 0 = 4*p + p - 65. Let q(l) = -l**3 + 10*l**2 - 13*l - 6. What is the remainder when q(7) is divided by p?
11
Let m(h) = 35*h - 34. What is the remainder when m(3) is divided by 9?
8
Let j(z) = -23*z**3 - z**2. Suppose v + 4*v = -5. Suppose -4*w = -3*r + 32, -2*w + 1 = -1. Calculate the remainder when j(v) is divided by r.
10
Let w = 51 - 3. Calculate the remainder when w is divided by 25.
23
Suppose 0 = 7*c - 4*c - 48. What is the remainder when 40 is divided by c?
8
Suppose r + 3*r = 0. Suppose r = 2*m + 3 + 3. Calculate the remainder when (-1)/3 - 43/m is divided by 8.
6
Let c = 119 + -56. What is the remainder when c is divided by 32?
31
Suppose -4*g + 8*g = 60. Let d(v) be the third derivative of -v**5/60 - v**4/24 + 22*v**3/3 + v**2. What is the remainder when d(0) is divided by g?
14
Let x(s) = -s**2 - s + 10. Suppose 2*i + 5*i = 42. Calculate the remainder when x(0) is divided by i.
4
Suppose -5 - 32 = -2*c + b, -2*b + 38 = 3*c. Suppose -5*o = -4*j - 168, j - 5*o + 40 + 17 = 0. Let y = 68 + j. Calculate the remainder when y is divided by c.
15
Suppose 5*w + 4*s = 430, 4*s - 86 = -w + 2*s. Calculate the remainder when w is divided by 29.
28
Suppose -3*t + 162 + 297 = 0. What is the remainder when 1/(((-6)/t)/(-2)) is divided by 13?
12
Suppose -g = -u + 10, 2*g + g + 6 = -3*u. Let n be 1 + -1 + g - -3. Let i = 22 + n. What is the remainder when i is divided by 7?
5
Let u be -5 + 1/(-1) + -2. Let p be (6/8)/(1/u). Let r(f) = -f**2 - 5*f + 7. What is the remainder when 1 is divided by r(p)?
0
Suppose 5*x + 2*w = w + 13, 5*x - 17 = w. Calculate the remainder when 7 is divided by x.
1
Let w be (-2 + 1)*(-20)/4. Calculate the remainder when 20 - w/(10/(-6)) is divided by 12.
11
Suppose 16 = 4*i, 5*i + 21 = h + 7*i. What is the remainder when 46 is divided by h?
7
Let x = -6 + 19. Let i = x + -8. Suppose 3*n + 11 = 4*n - 4*w, -i*w = -3*n + 26. What is the remainder when n is divided by 2?
1
Let y(g) = g. Let u be y(-7). Let v = u - -16. Let o = v - 0. Calculate the remainder when 26 is divided by o.
8
What is the remainder when 8 is divided by (-3)/6 + (-21)/(-6)?
2
Suppose 60 + 82 = 2*x. Calculate the remainder when x is divided by 24.
23
Suppose 0 = -3*g - 17*g + 600. Calculate the remainder when g is divided by (4/(-6))/((-6)/99).
8
Suppose -5*g + 25 = 5*o, -o - 4*g + 20 = -0*o. Suppose -q = -o*q - 146. Suppose q - 1 = 5*y. Calculate the remainder when y is divided by 10.
9
Calculate the remainder when 53 is divided by 19 - ((-4 - -5) + 2).
5
Let o(z) = 14*z**3 - 3*z**2 + 3. What is the remainder when o(2) is divided by 18?
13
Let q = 3 - 0. Suppose 94 = q*a - 74. Suppose 3*j = -11 + a. Calculate the remainder when 43 is divided by j.
13
Suppose -30*g - 72 = -34*g. Calculate the remainder when g is divided by 5.
3
Let p be (0 - 1 - -2)*7. Suppose 2*s - 23 = p. Suppose 0 = 8*a - 4*a - 5*v - 152, 2*v - 51 = -a. Calculate the remainder when a is divided by s.
13
Suppose 3*t - 72 = -6. Let p = -19 - -34. Suppose -2*l + 2*w + 14 = -4, 0 = 2*l + w - p. Calculate the remainder when t is divided by l.
6
Let z(p) = -6*p - 7. Calculate the remainder when z(-6) is divided by 10.
9
Let p = 13 - 7. Suppose 4*a = 3*w - p, w = -a + 2*a + 2. Calculate the remainder when w is divided by 1.
0
Let t = -5 - -7. Suppose t*a + 50 = r, 66 = 3*r - 5*a - 85. Suppose 0 = -4*h - 4*v + r, -3*h - 5*v + 6 = -29. Calculate the remainder when h is divided by 4.
3
Let u(v) be the third derivative of -v**5/60 + 11*v**4/24 + 5*v**3/3 - 4*v**2. Calculate the remainder when u(10) is divided by 7.
6
Let a = 76 + -49. Calculate the remainder when 80 is divided by a.
26
Suppose -2*x + 5*x = 45. What is the remainder when x is divided by ((-2)/(-7))/(34/952)?
7
Let i be (-6)/(-9) + 20/6. Suppose 0 = i*x - 73 + 17. Calculate the remainder when 24 is divided by x.
10
Suppose 4*x - 306 = -42. Suppose -6*b + 36 = -x. What is the remainder when 83 is divided by b?
15
Let p = 12 + -15. Calculate the remainder when 2 is divided by (p + 1)/((-3)/3).
0
Let t = 105 + -84. Calculate the remainder when 40 is divided by t.
19
Suppose -4*z + 6*z = 200. Calculate the remainder when z is divided by 26.
22
Let u(z) = z + 12. Let r be u(-7). Suppose r*k + 116 - 356 = 0. Calculate the remainder when k is divided by 17.
14
Calculate the remainder when (-48)/26 - 2/13 - -44 is divided by 9.
6
Let q(z) = -z + 10. Let w be q(3). What is the remainder when 14 is divided by 2*3 - (w + -9)?
6
Let a(s) = -s**3 + s**2 + s + 11. Let t be a(0). Suppose -b + 0*b = -t. Calculate the remainder when 53 is divided by b.
9
Let a = 50 - -5. Calculate the remainder when a is divided by 28.
27
Suppose -4*c - 2 = 10. Let g be 4/(-3)*c/2. Suppose -135 = -5*j + 3*d, -110 = -j - 3*j + g*d. What is the remainder when j is divided by 11?
8
Let x(y) = y**3 + 4*y**2 - 5*y + 5. Let a be x(-5). Suppose -28 = 3*t - a*t + 2*i, 2*i = 0. What is the remainder when 27 is divided by t?
13
Suppose 2*h - 22 + 10 = 0. What is the remainder when 22 is divided by h?
4
Let q(o) = -3*o + 3. Let w(b) = -b + 1. Let r(i) = 2*q(i) - 9*w(i). Calculate the remainder when 52 is divided by r(7).
16
Let s = -20 - -37. Suppose -5*b + 35 = d + d, 0 = -4*b - d + 31. What is the remainder when s is divided by b?
8
What is the remainder when (-2)/8 - (-1565)/20 is divided by 40?
38
Let m(p) = -p**2 + p - 3. Let o be m(-3). Let g = 41 + o. Calculate the remainder when g is divided by 10 - (-1 + 4 - 2).
8
Let c(b) = 4 + 3*b + b - 5. Suppose 0 - 8 = -4*v + m, 2*v + 3*m = 18. Calculate the remainder when 31 is divided by c(v).
9
Let f(d) = 22*d**3 - 3*d + 16*d**3 + 1 + d. Calculate the remainder when f(1) is divided by 13.
11
Suppose 3*c + 4 = 4*c, 3*t + c = 31. Let f(n) = -n**3 - 4*n**2 + 7*n + 4. Calculate the remainder when f(-6) is divided by t.
7
Suppose -n - n + 2*z = -24, 0 = 5*n + 3*z - 28. Calculate the remainder when n is divided by 3.
2
Let y = -72 - -120. Calculate the remainder when y is divided by 26.
22
Let z(k) = 6*k - 16. What is the remainder when z(11) is divided by 13?
11
Suppose -17*w = -14*w - 282. Calculate the